
Does 17 divide 94090835?
True
Does 1773 divide 1244117646?
True
Is 1097368700 a multiple of 58?
True
Does 120 divide 83587841?
False
Is 62174672 a multiple of 16?
True
Is 41259680 a multiple of 140?
True
Does 30 divide 84116760?
True
Is 12 a factor of 172236?
True
Is 111042490 a multiple of 60?
False
Is 365770372 a multiple of 15?
False
Does 131 divide 1528772227?
True
Does 503 divide 23948836?
True
Is 1007 a factor of 6034576?
False
Is 12698026 a multiple of 490?
False
Is 10109694 a multiple of 453?
False
Does 971 divide 579890910?
True
Is 3766 a factor of 699832856?
False
Is 1222950 a multiple of 31?
True
Is 325 a factor of 6815962725?
True
Is 10158384 a multiple of 34?
True
Is 384837706 a multiple of 1381?
False
Is 9 a factor of 5986737?
True
Does 942 divide 26714178?
True
Does 38 divide 12080314?
True
Does 80 divide 1842372?
False
Is 3739482692 a multiple of 1890?
False
Is 735141523 a multiple of 1409?
True
Does 179 divide 69390245?
True
Is 380480162 a multiple of 1855?
False
Is 415 a factor of 174812911?
False
Is 1676 a factor of 64452256?
True
Is 25374144 a multiple of 9?
False
Does 22 divide 132123489?
False
Is 582477 a multiple of 87?
False
Does 610 divide 35425906?
False
Is 9169893 a multiple of 31?
True
Is 135274131 a multiple of 59?
False
Is 3112245 a multiple of 2231?
True
Is 54 a factor of 1460824870?
False
Is 84839910 a multiple of 807?
True
Is 20613644 a multiple of 129?
False
Is 43119840 a multiple of 96?
True
Does 79 divide 2192306485?
True
Is 46849626 a multiple of 382?
True
Does 250 divide 350044583?
False
Does 62 divide 88904618?
False
Does 28 divide 35577416?
True
Is 402 a factor of 303361662?
True
Is 22 a factor of 784056922?
True
Is 190273846 a multiple of 13?
False
Does 15 divide 24414590?
False
Does 151 divide 328576?
True
Is 59 a factor of 27159765?
True
Is 26787768 a multiple of 1268?
True
Is 5 a factor of 448996795?
True
Is 332117066 a multiple of 34?
True
Does 22 divide 21396452?
True
Is 1124 a factor of 33437876?
True
Is 387928690 a multiple of 1655?
True
Does 60 divide 588117960?
True
Is 86 a factor of 8686344?
True
Does 72 divide 34520568?
False
Is 277 a factor of 18217182?
True
Is 1448378327 a multiple of 61?
True
Does 663 divide 54229982?
False
Is 12314098 a multiple of 142?
True
Does 4732 divide 4731886432?
True
Is 40264224 a multiple of 2184?
True
Is 4742 a factor of 2064306408?
True
Is 13399707 a multiple of 10?
False
Is 296335 a multiple of 235?
True
Does 477 divide 12714435?
True
Is 27287001 a multiple of 16?
False
Is 1796805 a multiple of 21?
False
Is 29045365 a multiple of 6?
False
Is 34915562 a multiple of 1723?
False
Does 11 divide 411487494?
True
Does 655 divide 564590922?
False
Is 35628853 a multiple of 528?
False
Is 99 a factor of 285130112?
False
Is 294 a factor of 602910581?
False
Does 2276 divide 326346536?
True
Is 96 a factor of 709465728?
True
Is 32252072 a multiple of 45?
False
Is 9322256 a multiple of 8?
True
Does 16 divide 13142704?
True
Does 410 divide 46777562?
False
Is 359 a factor of 75273084?
False
Does 1959 divide 686392461?
True
Is 284 a factor of 1357236?
True
Does 465 divide 384369794?
False
Is 818683890 a multiple of 8?
False
Is 70 a factor of 6458900?
True
Is 1636 a factor of 28515896?
False
Is 17 a factor of 315307177?
True
Is 40 a factor of 3487697141?
False
Does 118 divide 70277968?
True
Is 211234593 a multiple of 180?
False
Does 169 divide 196701668?
False
Is 172 a factor of 35622184?
False
Is 178 a factor of 81566316?
False
Is 145317142 a multiple of 40?
False
Is 94609914 a multiple of 426?
True
Is 12095416 a multiple of 5?
False
Is 21 a factor of 99780282?
True
Is 67399994 a multiple of 53?
True
Is 38 a factor of 21153343?
False
Is 13789295 a multiple of 130?
False
Does 9 divide 54919674?
True
Is 3742101090 a multiple of 15?
True
Is 122816200 a multiple of 13?
True
Does 14 divide 36485358?
True
Is 248 a factor of 120261321?
False
Does 80 divide 58016646?
False
Is 3311588 a multiple of 707?
True
Is 402769372 a multiple of 17?
True
Is 3910 a factor of 99912230?
True
Is 7830786 a multiple of 115?
False
Is 75 a factor of 247181517?
False
Is 5583 a factor of 5570161?
False
Is 11779266 a multiple of 69?
True
Is 467804232 a multiple of 3076?
True
Is 1901 a factor of 210596582?
True
Is 94441940 a multiple of 354?
False
Is 558 a factor of 10508101?
False
Does 8 divide 3993260049?
False
Is 158575823 a multiple of 807?
False
Does 227 divide 50546998?
True
Does 35 divide 159432420?
True
Does 51 divide 72778683?
True
Is 12 a factor of 20734060?
False
Is 1337852672 a multiple of 544?
True
Is 19399532 a multiple of 885?
False
Is 200098920 a multiple of 8?
True
Is 233 a factor of 560326788?
True
Does 56 divide 127792974?
False
Does 14 divide 296538648?
True
Is 412782019 a multiple of 109?
True
Is 15 a factor of 219197190?
True
Is 23 a factor of 1296559?
False
Is 20332253 a multiple of 23?
True
Does 19 divide 166091426?
True
Is 7 a factor of 139259645?
True
Is 196414304 a multiple of 944?
True
Does 1956 divide 50436110?
False
Is 2 a factor of 5397731?
False
Is 8714514 a multiple of 8?
False
Does 251 divide 25365056?
True
Does 14 divide 103189064?
False
Is 4083374912 a multiple of 26?
False
Is 91168540 a multiple of 10?
True
Is 369286982 a multiple of 67?
True
Is 6 a factor of 277557438?
True
Does 90 divide 523383066?
False
Does 2214 divide 995826204?
True
Is 54261102 a multiple of 22?
False
Does 12 divide 70158604?
False
Is 29 a factor of 149352262?
True
Is 622427653 a multiple of 42?
False
Is 18617043 a multiple of 87?
True
Does 324 divide 287563016?
False
Is 515956772 a multiple of 203?
False
Does 4193 divide 2929084?
False
Does 282 divide 42119802?
True
Is 43388071 a multiple of 876?
False
Is 20487804 a multiple of 370?
False
Does 22 divide 1311754739?
False
Is 84026304 a multiple of 192?
True
Is 57 a factor of 686631006?
True
Does 96 divide 502762223?
False
Does 2005 divide 8018419?
False
Is 1414844766 a multiple of 18?
True
Is 2716346324 a multiple of 38?
True
Is 1410 a factor of 342750301?
False
Is 2109 a factor of 13721154?
True
Is 76 a factor of 44903688?
True
Is 56 a factor of 207330144?
True
Is 2016726302 a multiple of 393?
False
Is 1865 a factor of 78217647?
False
Does 189 divide 19259028?
False
Is 20 a factor of 6062105680?
True
Does 25 divide 440042425?
True
Is 54247768 a multiple of 4?
True
Is 64 a factor of 964150886?
False
Is 763844186 a multiple of 574?
True
Is 1977154557 a multiple of 5053?
False
Does 241 divide 29469799?
False
Is 426 a factor of 55562652?
False
Is 118122867 a multiple of 27?
True
Is 15620776 a multiple of 7?
False
Is 115 a factor of 146291615?
True
Is 158 a factor of 119644710?
True
Is 5583 a factor of 175819836?
True
Is 578760103 a multiple of 2796?
False
Does 1367 divide 317439272?
True
Is 670 a factor of 174037506?
False
Does 721 divide 146897708?
False
Is 328048642 a multiple of 4?
False
Is 693542983 a multiple of 353?
True
Is 98 a factor of 87972532?
False
Does 4 divide 1666465?
False
Is 19 a factor of 2803166?
False
Does 28 divide 21838485?
False
Is 451 a factor of 46985973?
False
Is 13 a factor of 2289253422?
False
Does 21 divide 24482304?
True
Is 392 a factor of 3059576?
False
Does 78 divide 1396960578?
True
Is 776218 a multiple of 13?
False
Is 118188855 a multiple of 135?
True
Does 895 divide 628944245?
True
Is 63006496 a multiple of 2160?
False
Is 657 a factor of 129687858?
True
Does 1452 divide 952292748?
True
Does 969 divide 103584874?
False
Is 33714417 a multiple of 3553?
True
Is 7723760 a multiple of 110?
True
Is 131 a factor of 37926727?
True
Is 295 a factor of 15762599?
False
Is 11 a factor of 2750923442?
False
Is 81431129 a multiple of 169?
True
Is 1142870321 a multiple of 122?
False
Is 26 a factor of 444957493?
False
Does 54 divide 63688842?
True
Does 36 divide 126055944?
True
Is 52063988 a multiple of 61?
True
Is 391102625 a multiple of 98?
False
Does 760 divide 196903080?
True
Is 86975042 a multiple of 183?
False
Does 8 divide 26909936?
True
Does 23 divide 4066949259?
False
Is 4 a factor of 962246348?
True
Is 2 a factor of 96734976?
True
Is 605178192 a multiple of 16?
True
Does 10 divide 15650930?
True
Does 78 divide 6603255048?
True
Is 99 a factor of 180434826?
True
Does 207 divide 33418701?
True
Does 35 divide 35506030?
True
Is